{"id":2607,"date":"2025-03-18T12:52:53","date_gmt":"2025-03-18T11:52:53","guid":{"rendered":"https:\/\/www.orleanspokerclub.org\/opc\/?page_id=2607"},"modified":"2026-04-30T20:50:35","modified_gmt":"2026-04-30T18:50:35","slug":"opt-carte-du-bar","status":"publish","type":"page","link":"https:\/\/www.orleanspokerclub.org\/opc\/orleans-poker-tour-2025\/opt-carte-du-bar\/","title":{"rendered":"Carte du bar"},"content":{"rendered":"\n<p class=\"has-text-align-center\">Vous avez envie de commander mais vous ne voulez pas courir le risque de louper AA en quittant la table au mauvais moment ? <br>Pas d&#8217;inqui\u00e9tude <strong>on s&#8217;occupe de TOUT<\/strong>!<br><br>Pour <strong><mark style=\"background-color:rgba(0, 0, 0, 0)\" class=\"has-inline-color has-vivid-red-color\">passer votre commande<\/mark><\/strong><mark style=\"background-color:rgba(0, 0, 0, 0)\" class=\"has-inline-color has-cyan-bluish-gray-color\">,<\/mark> rien de plus simple : il suffit de <strong><mark style=\"background-color:rgba(0, 0, 0, 0)\" class=\"has-inline-color has-vivid-red-color\">suivre le lien whatsapp suivant<\/mark> <\/strong>:<br><a href=\"https:\/\/chat.whatsapp.com\/EUSpZZgNsFf5KVaLoLFZL6?mode=gi_t\">https:\/\/chat.whatsapp.com\/EUSpZZgNsFf5KVaLoLFZL6?mode=gi_t<\/a><br>Merci, dans votre message, de pr\u00e9ciser :<br><code>Votre choix<br>Un pr\u00e9nom<br>Le num\u00e9ro de Table<br>Le moyen de paiement utilis\u00e9<\/code><\/p>\n\n\n\n<p class=\"has-text-align-center\"><strong>On vous apporte rapidement votre commande \u00e0 table.  <\/strong><\/p>\n\n\n\n<p class=\"has-text-align-center\">Vous n&#8217;avez pas Whattsapp ? N&#8217;h\u00e9sitez pas \u00e0 solliciter votre voisin, ce sera l&#8217;occasion de sympathiser !<\/p>\n\n\n<div class=\"wp-block-image\">\n<figure class=\"aligncenter size-large\"><img loading=\"lazy\" decoding=\"async\" width=\"724\" height=\"1024\" src=\"https:\/\/www.orleanspokerclub.org\/opc\/wp-content\/uploads\/2026\/04\/carte-bar-4-724x1024.png\" alt=\"\" class=\"wp-image-2985\" srcset=\"https:\/\/www.orleanspokerclub.org\/opc\/wp-content\/uploads\/2026\/04\/carte-bar-4-724x1024.png 724w, https:\/\/www.orleanspokerclub.org\/opc\/wp-content\/uploads\/2026\/04\/carte-bar-4-212x300.png 212w, https:\/\/www.orleanspokerclub.org\/opc\/wp-content\/uploads\/2026\/04\/carte-bar-4-768x1086.png 768w, https:\/\/www.orleanspokerclub.org\/opc\/wp-content\/uploads\/2026\/04\/carte-bar-4-1086x1536.png 1086w, https:\/\/www.orleanspokerclub.org\/opc\/wp-content\/uploads\/2026\/04\/carte-bar-4-1222x1728.png 1222w, https:\/\/www.orleanspokerclub.org\/opc\/wp-content\/uploads\/2026\/04\/carte-bar-4-922x1304.png 922w, https:\/\/www.orleanspokerclub.org\/opc\/wp-content\/uploads\/2026\/04\/carte-bar-4.png 1414w\" sizes=\"auto, (max-width: 724px) 100vw, 724px\" \/><\/figure>\n<\/div>","protected":false},"excerpt":{"rendered":"<p>Vous avez envie de commander mais vous ne voulez pas courir le risque de louper AA en&#8230;<\/p>\n","protected":false},"author":1,"featured_media":0,"parent":2524,"menu_order":3,"comment_status":"closed","ping_status":"closed","template":"","meta":{"_bbp_topic_count":0,"_bbp_reply_count":0,"_bbp_total_topic_count":0,"_bbp_total_reply_count":0,"_bbp_voice_count":0,"_bbp_anonymous_reply_count":0,"_bbp_topic_count_hidden":0,"_bbp_reply_count_hidden":0,"_bbp_forum_subforum_count":0,"iawp_total_views":301,"footnotes":""},"class_list":["post-2607","page","type-page","status-publish","hentry"],"_links":{"self":[{"href":"https:\/\/www.orleanspokerclub.org\/opc\/wp-json\/wp\/v2\/pages\/2607","targetHints":{"allow":["GET"]}}],"collection":[{"href":"https:\/\/www.orleanspokerclub.org\/opc\/wp-json\/wp\/v2\/pages"}],"about":[{"href":"https:\/\/www.orleanspokerclub.org\/opc\/wp-json\/wp\/v2\/types\/page"}],"author":[{"embeddable":true,"href":"https:\/\/www.orleanspokerclub.org\/opc\/wp-json\/wp\/v2\/users\/1"}],"replies":[{"embeddable":true,"href":"https:\/\/www.orleanspokerclub.org\/opc\/wp-json\/wp\/v2\/comments?post=2607"}],"version-history":[{"count":12,"href":"https:\/\/www.orleanspokerclub.org\/opc\/wp-json\/wp\/v2\/pages\/2607\/revisions"}],"predecessor-version":[{"id":2988,"href":"https:\/\/www.orleanspokerclub.org\/opc\/wp-json\/wp\/v2\/pages\/2607\/revisions\/2988"}],"up":[{"embeddable":true,"href":"https:\/\/www.orleanspokerclub.org\/opc\/wp-json\/wp\/v2\/pages\/2524"}],"wp:attachment":[{"href":"https:\/\/www.orleanspokerclub.org\/opc\/wp-json\/wp\/v2\/media?parent=2607"}],"curies":[{"name":"wp","href":"https:\/\/api.w.org\/{rel}","templated":true}]}}