{"id":2613,"date":"2025-03-18T12:59:55","date_gmt":"2025-03-18T11:59:55","guid":{"rendered":"https:\/\/www.orleanspokerclub.org\/opc\/?page_id=2613"},"modified":"2026-04-16T17:43:51","modified_gmt":"2026-04-16T15:43:51","slug":"opt-informations-generales","status":"publish","type":"page","link":"https:\/\/www.orleanspokerclub.org\/opc\/orleans-poker-tour-2025\/opt-informations-generales\/","title":{"rendered":"Informations g\u00e9n\u00e9rales"},"content":{"rendered":"\n<p class=\"has-text-align-center\"><img loading=\"lazy\" decoding=\"async\" width=\"700\" height=\"990\" class=\"wp-image-2899\" style=\"width: 700px;\" src=\"https:\/\/www.orleanspokerclub.org\/opc\/wp-content\/uploads\/2026\/04\/Deep-2026-5.png\" alt=\"\" srcset=\"https:\/\/www.orleanspokerclub.org\/opc\/wp-content\/uploads\/2026\/04\/Deep-2026-5.png 1414w, https:\/\/www.orleanspokerclub.org\/opc\/wp-content\/uploads\/2026\/04\/Deep-2026-5-212x300.png 212w, https:\/\/www.orleanspokerclub.org\/opc\/wp-content\/uploads\/2026\/04\/Deep-2026-5-724x1024.png 724w, https:\/\/www.orleanspokerclub.org\/opc\/wp-content\/uploads\/2026\/04\/Deep-2026-5-768x1086.png 768w, https:\/\/www.orleanspokerclub.org\/opc\/wp-content\/uploads\/2026\/04\/Deep-2026-5-1086x1536.png 1086w, https:\/\/www.orleanspokerclub.org\/opc\/wp-content\/uploads\/2026\/04\/Deep-2026-5-1222x1728.png 1222w, https:\/\/www.orleanspokerclub.org\/opc\/wp-content\/uploads\/2026\/04\/Deep-2026-5-922x1304.png 922w\" sizes=\"auto, (max-width: 700px) 100vw, 700px\" \/><\/p>\n\n\n\n<p>La nouvelle \u00e9dition de l&#8217;<strong>Orl\u00e9ans&nbsp;Poker Tour<\/strong>&nbsp;se d\u00e9roulera du&nbsp;<em><strong>vendredi 1er mai au dimanche 3&nbsp;mai&nbsp;2026<\/strong><\/em>, dans la&nbsp; Salle des f\u00eates France Routy &#8211;&nbsp;Place Marcel Cochon, 45430 Mardi\u00e9 (petit village situ\u00e9 \u00e0 15min d&#8217;Orl\u00e9ans).<\/p>\n\n\n\n<p>Cette ann\u00e9e encore, le festival promet un&nbsp;beau et grand week-end de poker&nbsp;avec 4 tournois au programme r\u00e9partis sur 3 jours, dans une ambiance conviviale ouverte aux membres des clubs de poker.<\/p>\n\n\n\n<p>Au programme :<\/p>\n\n\n\n<ul class=\"wp-block-list\">\n<li>Un&nbsp;<strong>main event sur 2 jours, le &#8220;Road to 500&#8221;<\/strong>, avec notamment&nbsp;<strong>un ticket 500\u20ac Winamax offert au vainqueur<\/strong>. Pour acc\u00e9der au day 2 du dimanche 3 mai, 2 day1 seront propos\u00e9s&nbsp;(pointage 30min avant) :\n<ul class=\"wp-block-list\">\n<li>Day1A &nbsp;: vendredi 1er mai&nbsp;de 10h&nbsp;\u00e0 22h30 (162&nbsp;joueurs max).<\/li>\n\n\n\n<li>Day1B : samedi&nbsp;2 mai&nbsp;de 10h00&nbsp;\u00e0 22h30. (162&nbsp;joueurs max).<\/li>\n<\/ul>\n<\/li>\n\n\n\n<li>3 sides vari\u00e9s&nbsp;(omaha, crazy pinapple, holdem 8-max) viendront agr\u00e9menter le festival ! L&#8217;inscription se fera&nbsp;<strong>le jour m\u00eame du tournoi.<\/strong><\/li>\n<\/ul>\n\n\n\n<p class=\"has-text-align-center\"><strong>Buvette et restauration sur place.<\/strong><\/p>\n\n\n\n<p class=\"has-text-align-center\"><em>L&#8217;\u00e9v\u00e9nement est gratuit et ouvert \u00e0 tous les adh\u00e9rents de clubs de Poker ainsi qu&#8217;aux invit\u00e9s du club.<\/em><\/p>\n\n\n\n<p class=\"has-text-align-center\"><a href=\"https:\/\/orleans-poker-club.s2.membogo.com\/fr\/campaign-11314\/detail\/je-souhaite-faire-un-don-au-club\/11314\">Je souhaite faire un don au club<\/a><\/p>\n\n\n\n<p class=\"has-text-align-center\"><img loading=\"lazy\" decoding=\"async\" width=\"700\" height=\"990\" class=\"wp-image-2898\" style=\"width: 700px;\" src=\"https:\/\/www.orleanspokerclub.org\/opc\/wp-content\/uploads\/2026\/04\/Deep-2026-6.png\" alt=\"\" srcset=\"https:\/\/www.orleanspokerclub.org\/opc\/wp-content\/uploads\/2026\/04\/Deep-2026-6.png 1414w, https:\/\/www.orleanspokerclub.org\/opc\/wp-content\/uploads\/2026\/04\/Deep-2026-6-212x300.png 212w, https:\/\/www.orleanspokerclub.org\/opc\/wp-content\/uploads\/2026\/04\/Deep-2026-6-724x1024.png 724w, https:\/\/www.orleanspokerclub.org\/opc\/wp-content\/uploads\/2026\/04\/Deep-2026-6-768x1086.png 768w, https:\/\/www.orleanspokerclub.org\/opc\/wp-content\/uploads\/2026\/04\/Deep-2026-6-1086x1536.png 1086w, https:\/\/www.orleanspokerclub.org\/opc\/wp-content\/uploads\/2026\/04\/Deep-2026-6-1222x1728.png 1222w, https:\/\/www.orleanspokerclub.org\/opc\/wp-content\/uploads\/2026\/04\/Deep-2026-6-922x1304.png 922w\" sizes=\"auto, (max-width: 700px) 100vw, 700px\" \/><\/p>\n\n\n\n<p><\/p>\n","protected":false},"excerpt":{"rendered":"<p>La nouvelle \u00e9dition de l&#8217;Orl\u00e9ans&nbsp;Poker Tour&nbsp;se d\u00e9roulera du&nbsp;vendredi 1er mai au dimanche 3&nbsp;mai&nbsp;2026, dans la&nbsp; Salle des&#8230;<\/p>\n","protected":false},"author":1,"featured_media":0,"parent":2524,"menu_order":1,"comment_status":"closed","ping_status":"closed","template":"","meta":{"_bbp_topic_count":0,"_bbp_reply_count":0,"_bbp_total_topic_count":0,"_bbp_total_reply_count":0,"_bbp_voice_count":0,"_bbp_anonymous_reply_count":0,"_bbp_topic_count_hidden":0,"_bbp_reply_count_hidden":0,"_bbp_forum_subforum_count":0,"iawp_total_views":156,"footnotes":""},"class_list":["post-2613","page","type-page","status-publish","hentry"],"_links":{"self":[{"href":"https:\/\/www.orleanspokerclub.org\/opc\/wp-json\/wp\/v2\/pages\/2613","targetHints":{"allow":["GET"]}}],"collection":[{"href":"https:\/\/www.orleanspokerclub.org\/opc\/wp-json\/wp\/v2\/pages"}],"about":[{"href":"https:\/\/www.orleanspokerclub.org\/opc\/wp-json\/wp\/v2\/types\/page"}],"author":[{"embeddable":true,"href":"https:\/\/www.orleanspokerclub.org\/opc\/wp-json\/wp\/v2\/users\/1"}],"replies":[{"embeddable":true,"href":"https:\/\/www.orleanspokerclub.org\/opc\/wp-json\/wp\/v2\/comments?post=2613"}],"version-history":[{"count":4,"href":"https:\/\/www.orleanspokerclub.org\/opc\/wp-json\/wp\/v2\/pages\/2613\/revisions"}],"predecessor-version":[{"id":2909,"href":"https:\/\/www.orleanspokerclub.org\/opc\/wp-json\/wp\/v2\/pages\/2613\/revisions\/2909"}],"up":[{"embeddable":true,"href":"https:\/\/www.orleanspokerclub.org\/opc\/wp-json\/wp\/v2\/pages\/2524"}],"wp:attachment":[{"href":"https:\/\/www.orleanspokerclub.org\/opc\/wp-json\/wp\/v2\/media?parent=2613"}],"curies":[{"name":"wp","href":"https:\/\/api.w.org\/{rel}","templated":true}]}}