{"id":2847,"date":"2026-01-03T18:00:37","date_gmt":"2026-01-03T17:00:37","guid":{"rendered":"https:\/\/www.orleanspokerclub.org\/opc\/?page_id=2847"},"modified":"2026-01-03T19:43:52","modified_gmt":"2026-01-03T18:43:52","slug":"tournoi-par-equipes-2026","status":"publish","type":"page","link":"https:\/\/www.orleanspokerclub.org\/opc\/tournoi-par-equipes-2026\/","title":{"rendered":"Tournoi par \u00e9quipes 2026"},"content":{"rendered":"\n<p><strong>Si vous recherchez un joueur pour compl\u00e9ter votre \u00e9quipe ou si vous \u00eates \u00e0 la recherche d&#8217;une \u00e9quipe, n&#8217;h\u00e9sitez pas \u00e0 poster \u00e0 vous inscrire <a href=\"https:\/\/www.orleanspokerclub.org\/opc\/events\/tournoi-par-equipes-2025-2026\/\">ici<\/a>, \u00e9crire un message dans le groupe Messenger du club ou \u00e0 venir le jour du tournoi. <\/strong><\/p>\n\n\n\n<div class=\"forminator-guttenberg\"><\/div>\n\n\n<h3 class=\"wpdt-c\" id=\"wdt-table-title-9\">Tournoi par \u00e9quipes 2025<\/h3>\n    <div class=\"wpdt-c \">\n    \n<input type=\"hidden\" id=\"wdtNonceFrontendEdit\" name=\"wdtNonceFrontendEdit\" value=\"81a0bdee01\" \/><input type=\"hidden\" name=\"_wp_http_referer\" value=\"\/opc\/wp-json\/wp\/v2\/pages\/2847\" \/>    <input type=\"hidden\" id=\"table_1_desc\" value='{\"tableId\":\"table_1\",\"tableType\":\"forminator\",\"selector\":\"#table_1\",\"responsive\":true,\"responsiveAction\":\"icon\",\"infoBlock\":true,\"pagination\":1,\"paginationAlign\":\"right\",\"paginationLayout\":\"full_numbers\",\"paginationLayoutMobile\":\"simple\",\"file_location\":\"wp_media_lib\",\"table_wcag\":0,\"simple_template_id\":0,\"scrollable\":false,\"globalSearch\":true,\"showRowsPerPage\":true,\"hideBeforeLoad\":true,\"pagination_top\":0,\"number_format\":1,\"decimalPlaces\":2,\"spinnerSrc\":\"https:\\\/\\\/www.orleanspokerclub.org\\\/opc\\\/wp-content\\\/plugins\\\/wpdatatables\\\/assets\\\/\\\/img\\\/spinner.gif\",\"groupingEnabled\":false,\"tableWpId\":9,\"dataTableParams\":{\"sDom\":\"BT\\u003C\\u0027clear\\u0027\\u003Elftip\",\"bSortCellsTop\":false,\"bPaginate\":true,\"sPaginationType\":\"full_numbers\",\"aLengthMenu\":[[1,5,10,25,50,100,-1],[1,5,10,25,50,100,\"Tout\"]],\"iDisplayLength\":25,\"columnDefs\":[{\"sType\":\"string\",\"wdtType\":\"string\",\"bVisible\":true,\"orderable\":true,\"searchable\":true,\"InputType\":\"text\",\"name\":\"name1\",\"origHeader\":\"name1\",\"notNull\":false,\"conditionalFormattingRules\":[],\"className\":\" column-name1\",\"aTargets\":[0]},{\"sType\":\"string\",\"wdtType\":\"string\",\"bVisible\":true,\"orderable\":false,\"searchable\":true,\"InputType\":\"text\",\"name\":\"group1\",\"origHeader\":\"group1\",\"notNull\":false,\"conditionalFormattingRules\":[],\"className\":\" column-group1\",\"aTargets\":[1]}],\"bAutoWidth\":false,\"order\":[[0,\"asc\"]],\"ordering\":true,\"buttons\":[{\"extend\":\"print\",\"exportOptions\":{\"columns\":\":visible\",\"stripHtml\":true},\"className\":\"DTTT_button DTTT_button_print\",\"title\":\"Tournoi par \\u00e9quipes 2025\",\"text\":\"Imprimer\"},{\"extend\":\"excelHtml5\",\"exportOptions\":{\"columns\":\":visible\",\"stripHtml\":true},\"className\":\"DTTT_button DTTT_button_xls\",\"filename\":\"Tournoi par \\u00e9quipes 2025\",\"title\":null,\"text\":\"Excel\"},{\"extend\":\"csvHtml5\",\"exportOptions\":{\"columns\":\":visible\",\"stripHtml\":true},\"className\":\"DTTT_button DTTT_button_csv\",\"title\":\"Tournoi par \\u00e9quipes 2025\",\"text\":\"CSV\"},{\"extend\":\"copyHtml5\",\"exportOptions\":{\"columns\":\":visible\",\"stripHtml\":true},\"className\":\"DTTT_button DTTT_button_copy\",\"filename\":\"Tournoi par \\u00e9quipes 2025\",\"title\":null,\"text\":\"Copier\"}],\"oSearch\":{\"bSmart\":false,\"bRegex\":false,\"sSearch\":\"\"}},\"currentSkin\":\"skin1\",\"tabletWidth\":\"1024\",\"mobileWidth\":\"480\",\"columnsFixed\":0,\"timeFormat\":\"h:i A\",\"datepickFormat\":\"dd\\\/mm\\\/yy\"}'\/>\n\n    <table id=\"table_1\"\n           class=\"           responsive           display nowrap data-t wpDataTable wpDataTableID-9\"\n           style=\"display: none; \"\n           data-described-by='table_1_desc'\n           data-wpdatatable_id=\"9\">\n        \n        <!-- Table header -->\n        \n<thead>\n<tr>\n                    <th\n        data-class=\"expand\"                class=\" wdtheader sort \"\n        style=\"\">Nom de l&#039;\u00e9quipe<\/th>        <th\n                        class=\" wdtheader \"\n        style=\"\">Joueurs<\/th>    <\/tr>\n<\/thead>\n        <!-- \/Table header -->\n\n        <!-- Table body -->\n        \n<tbody>\n        <tr id=\"table_9_row_0\">\n                    <td style=\"\">BRAAZILLL<\/td>\n                    <td style=\"\"><table style=\"border: 1px solid #e6e6e6;width: 100%\"><thead><tr><th style=\"border: 1px solid #e6e6e6;padding: 5px;color: #333;text-align: left\">Joueur 1<\/th><th style=\"border: 1px solid #e6e6e6;padding: 5px;color: #333;text-align: left\">Joueur 2<\/th><th style=\"border: 1px solid #e6e6e6;padding: 5px;color: #333;text-align: left\">Joueur 3<\/th><\/tr><\/thead><tbody><tr><td style=\"border: 1px solid #e6e6e6;padding: 5px;text-align: left\">freezaukk<\/td><td style=\"border: 1px solid #e6e6e6;padding: 5px;text-align: left\">jimbo<\/td><td style=\"border: 1px solid #e6e6e6;padding: 5px;text-align: left\">piosilver<\/td><\/tr><\/tbody><\/table><\/td>\n            <\/tr>\n            <tr id=\"table_9_row_1\">\n                    <td style=\"\">Team KBC<\/td>\n                    <td style=\"\"><table style=\"border: 1px solid #e6e6e6;width: 100%\"><thead><tr><th style=\"border: 1px solid #e6e6e6;padding: 5px;color: #333;text-align: left\">Joueur 1<\/th><th style=\"border: 1px solid #e6e6e6;padding: 5px;color: #333;text-align: left\">Joueur 2<\/th><th style=\"border: 1px solid #e6e6e6;padding: 5px;color: #333;text-align: left\">Joueur 3<\/th><\/tr><\/thead><tbody><tr><td style=\"border: 1px solid #e6e6e6;padding: 5px;text-align: left\">KSA<\/td><td style=\"border: 1px solid #e6e6e6;padding: 5px;text-align: left\">Bigwyatt<\/td><td style=\"border: 1px solid #e6e6e6;padding: 5px;text-align: left\">CHRISFLYNT<\/td><\/tr><\/tbody><\/table><\/td>\n            <\/tr>\n            <tr id=\"table_9_row_2\">\n                    <td style=\"\">Les barbus \u2026 ou presque<\/td>\n                    <td style=\"\"><table style=\"border: 1px solid #e6e6e6;width: 100%\"><thead><tr><th style=\"border: 1px solid #e6e6e6;padding: 5px;color: #333;text-align: left\">Joueur 1<\/th><th style=\"border: 1px solid #e6e6e6;padding: 5px;color: #333;text-align: left\">Joueur 2<\/th><th style=\"border: 1px solid #e6e6e6;padding: 5px;color: #333;text-align: left\">Joueur 3<\/th><\/tr><\/thead><tbody><tr><td style=\"border: 1px solid #e6e6e6;padding: 5px;text-align: left\">Kekettes<\/td><td style=\"border: 1px solid #e6e6e6;padding: 5px;text-align: left\">Juju45<\/td><td style=\"border: 1px solid #e6e6e6;padding: 5px;text-align: left\">nYcoo<\/td><\/tr><\/tbody><\/table><\/td>\n            <\/tr>\n            <tr id=\"table_9_row_3\">\n                    <td style=\"\">Triodutilt<\/td>\n                    <td style=\"\"><table style=\"border: 1px solid #e6e6e6;width: 100%\"><thead><tr><th style=\"border: 1px solid #e6e6e6;padding: 5px;color: #333;text-align: left\">Joueur 1<\/th><th style=\"border: 1px solid #e6e6e6;padding: 5px;color: #333;text-align: left\">Joueur 2<\/th><th style=\"border: 1px solid #e6e6e6;padding: 5px;color: #333;text-align: left\">Joueur 3<\/th><\/tr><\/thead><tbody><tr><td style=\"border: 1px solid #e6e6e6;padding: 5px;text-align: left\">shadowsawer<\/td><td style=\"border: 1px solid #e6e6e6;padding: 5px;text-align: left\">Dolanes<\/td><td style=\"border: 1px solid #e6e6e6;padding: 5px;text-align: left\">TiphPanache<\/td><\/tr><\/tbody><\/table><\/td>\n            <\/tr>\n            <tr id=\"table_9_row_4\">\n                    <td style=\"\">All-innocent<\/td>\n                    <td style=\"\"><table style=\"border: 1px solid #e6e6e6;width: 100%\"><thead><tr><th style=\"border: 1px solid #e6e6e6;padding: 5px;color: #333;text-align: left\">Joueur 1<\/th><th style=\"border: 1px solid #e6e6e6;padding: 5px;color: #333;text-align: left\">Joueur 2<\/th><th style=\"border: 1px solid #e6e6e6;padding: 5px;color: #333;text-align: left\">Joueur 3<\/th><\/tr><\/thead><tbody><tr><td style=\"border: 1px solid #e6e6e6;padding: 5px;text-align: left\">la gazelle<\/td><td style=\"border: 1px solid #e6e6e6;padding: 5px;text-align: left\">lucylune<\/td><td style=\"border: 1px solid #e6e6e6;padding: 5px;text-align: left\">catseyes45<\/td><\/tr><\/tbody><\/table><\/td>\n            <\/tr>\n            <tr id=\"table_9_row_5\">\n                    <td style=\"\">D2V<\/td>\n                    <td style=\"\"><table style=\"border: 1px solid #e6e6e6;width: 100%\"><thead><tr><th style=\"border: 1px solid #e6e6e6;padding: 5px;color: #333;text-align: left\">Joueur 1<\/th><th style=\"border: 1px solid #e6e6e6;padding: 5px;color: #333;text-align: left\">Joueur 2<\/th><th style=\"border: 1px solid #e6e6e6;padding: 5px;color: #333;text-align: left\">Joueur 3<\/th><\/tr><\/thead><tbody><tr><td style=\"border: 1px solid #e6e6e6;padding: 5px;text-align: left\">Brett<\/td><td style=\"border: 1px solid #e6e6e6;padding: 5px;text-align: left\">Valleri<\/td><td style=\"border: 1px solid #e6e6e6;padding: 5px;text-align: left\">V\u00e9b\u00e9<\/td><\/tr><\/tbody><\/table><\/td>\n            <\/tr>\n            <tr id=\"table_9_row_6\">\n                    <td style=\"\">Les coqs et elle<\/td>\n                    <td style=\"\"><table style=\"border: 1px solid #e6e6e6;width: 100%\"><thead><tr><th style=\"border: 1px solid #e6e6e6;padding: 5px;color: #333;text-align: left\">Joueur 1<\/th><th style=\"border: 1px solid #e6e6e6;padding: 5px;color: #333;text-align: left\">Joueur 2<\/th><th style=\"border: 1px solid #e6e6e6;padding: 5px;color: #333;text-align: left\">Joueur 3<\/th><\/tr><\/thead><tbody><tr><td style=\"border: 1px solid #e6e6e6;padding: 5px;text-align: left\">FraG_85<\/td><td style=\"border: 1px solid #e6e6e6;padding: 5px;text-align: left\">JackJack.<\/td><td style=\"border: 1px solid #e6e6e6;padding: 5px;text-align: left\">KkAAroTTe45<\/td><\/tr><\/tbody><\/table><\/td>\n            <\/tr>\n            <tr id=\"table_9_row_7\">\n                    <td style=\"\">2B3<\/td>\n                    <td style=\"\"><table style=\"border: 1px solid #e6e6e6;width: 100%\"><thead><tr><th style=\"border: 1px solid #e6e6e6;padding: 5px;color: #333;text-align: left\">Joueur 1<\/th><th style=\"border: 1px solid #e6e6e6;padding: 5px;color: #333;text-align: left\">Joueur 2<\/th><th style=\"border: 1px solid #e6e6e6;padding: 5px;color: #333;text-align: left\">Joueur 3<\/th><\/tr><\/thead><tbody><tr><td style=\"border: 1px solid #e6e6e6;padding: 5px;text-align: left\">Z3phyr<\/td><td style=\"border: 1px solid #e6e6e6;padding: 5px;text-align: left\">Nath1609<\/td><td style=\"border: 1px solid #e6e6e6;padding: 5px;text-align: left\">Nico<\/td><\/tr><\/tbody><\/table><\/td>\n            <\/tr>\n            <tr id=\"table_9_row_8\">\n                    <td style=\"\">Call me maybe<\/td>\n                    <td style=\"\"><table style=\"border: 1px solid #e6e6e6;width: 100%\"><thead><tr><th style=\"border: 1px solid #e6e6e6;padding: 5px;color: #333;text-align: left\">Joueur 1<\/th><th style=\"border: 1px solid #e6e6e6;padding: 5px;color: #333;text-align: left\">Joueur 2<\/th><th style=\"border: 1px solid #e6e6e6;padding: 5px;color: #333;text-align: left\">Joueur 3<\/th><\/tr><\/thead><tbody><tr><td style=\"border: 1px solid #e6e6e6;padding: 5px;text-align: left\">Keo<\/td><td style=\"border: 1px solid #e6e6e6;padding: 5px;text-align: left\">L\u00e9o<\/td><td style=\"border: 1px solid #e6e6e6;padding: 5px;text-align: left\">Jenny<\/td><\/tr><\/tbody><\/table><\/td>\n            <\/tr>\n            <tr id=\"table_9_row_9\">\n                    <td style=\"\">L.V Campers<\/td>\n                    <td style=\"\"><table style=\"border: 1px solid #e6e6e6;width: 100%\"><thead><tr><th style=\"border: 1px solid #e6e6e6;padding: 5px;color: #333;text-align: left\">Joueur 1<\/th><th style=\"border: 1px solid #e6e6e6;padding: 5px;color: #333;text-align: left\">Joueur 2<\/th><th style=\"border: 1px solid #e6e6e6;padding: 5px;color: #333;text-align: left\">Joueur 3<\/th><\/tr><\/thead><tbody><tr><td style=\"border: 1px solid #e6e6e6;padding: 5px;text-align: left\">Horus<\/td><td style=\"border: 1px solid #e6e6e6;padding: 5px;text-align: left\">Sixty<\/td><td style=\"border: 1px solid #e6e6e6;padding: 5px;text-align: left\">Flonox<\/td><\/tr><\/tbody><\/table><\/td>\n            <\/tr>\n            <tr id=\"table_9_row_10\">\n                    <td style=\"\">Les BG<\/td>\n                    <td style=\"\"><table style=\"border: 1px solid #e6e6e6;width: 100%\"><thead><tr><th style=\"border: 1px solid #e6e6e6;padding: 5px;color: #333;text-align: left\">Joueur 1<\/th><th style=\"border: 1px solid #e6e6e6;padding: 5px;color: #333;text-align: left\">Joueur 2<\/th><th style=\"border: 1px solid #e6e6e6;padding: 5px;color: #333;text-align: left\">Joueur 3<\/th><\/tr><\/thead><tbody><tr><td style=\"border: 1px solid #e6e6e6;padding: 5px;text-align: left\">Berutek<\/td><td style=\"border: 1px solid #e6e6e6;padding: 5px;text-align: left\">Propitek<\/td><td style=\"border: 1px solid #e6e6e6;padding: 5px;text-align: left\">Sa\u00efmon<\/td><\/tr><\/tbody><\/table><\/td>\n            <\/tr>\n            <tr id=\"table_9_row_11\">\n                    <td style=\"\">Force Rouge<\/td>\n                    <td style=\"\"><table style=\"border: 1px solid #e6e6e6;width: 100%\"><thead><tr><th style=\"border: 1px solid #e6e6e6;padding: 5px;color: #333;text-align: left\">Joueur 1<\/th><th style=\"border: 1px solid #e6e6e6;padding: 5px;color: #333;text-align: left\">Joueur 2<\/th><th style=\"border: 1px solid #e6e6e6;padding: 5px;color: #333;text-align: left\">Joueur 3<\/th><\/tr><\/thead><tbody><tr><td style=\"border: 1px solid #e6e6e6;padding: 5px;text-align: left\">Le Philou<\/td><td style=\"border: 1px solid #e6e6e6;padding: 5px;text-align: left\">Fatalriver<\/td><td style=\"border: 1px solid #e6e6e6;padding: 5px;text-align: left\">Geramenlas<\/td><\/tr><\/tbody><\/table><\/td>\n            <\/tr>\n    <\/tbody>        <!-- \/Table body -->\n\n        \n    <\/table>\n\n        <span class=\"powered_by_link d-block m-l-10 m-t-10 m-b-10\">Generated by <a href=\"https:\/\/wpdatatables.com\" rel=\"nofollow\" target=\"_blank\">wpDataTables<\/a><\/span>\n<\/div><style>\ntable.wpDataTable td.numdata { text-align: right !important; }\n<\/style>\n\n","protected":false},"excerpt":{"rendered":"<p>Si vous recherchez un joueur pour compl\u00e9ter votre \u00e9quipe ou si vous \u00eates \u00e0 la recherche d&#8217;une&#8230;<\/p>\n","protected":false},"author":1,"featured_media":0,"parent":0,"menu_order":0,"comment_status":"closed","ping_status":"closed","template":"","meta":{"_bbp_topic_count":0,"_bbp_reply_count":0,"_bbp_total_topic_count":0,"_bbp_total_reply_count":0,"_bbp_voice_count":0,"_bbp_anonymous_reply_count":0,"_bbp_topic_count_hidden":0,"_bbp_reply_count_hidden":0,"_bbp_forum_subforum_count":0,"iawp_total_views":305,"footnotes":""},"class_list":["post-2847","page","type-page","status-publish","hentry"],"_links":{"self":[{"href":"https:\/\/www.orleanspokerclub.org\/opc\/wp-json\/wp\/v2\/pages\/2847","targetHints":{"allow":["GET"]}}],"collection":[{"href":"https:\/\/www.orleanspokerclub.org\/opc\/wp-json\/wp\/v2\/pages"}],"about":[{"href":"https:\/\/www.orleanspokerclub.org\/opc\/wp-json\/wp\/v2\/types\/page"}],"author":[{"embeddable":true,"href":"https:\/\/www.orleanspokerclub.org\/opc\/wp-json\/wp\/v2\/users\/1"}],"replies":[{"embeddable":true,"href":"https:\/\/www.orleanspokerclub.org\/opc\/wp-json\/wp\/v2\/comments?post=2847"}],"version-history":[{"count":4,"href":"https:\/\/www.orleanspokerclub.org\/opc\/wp-json\/wp\/v2\/pages\/2847\/revisions"}],"predecessor-version":[{"id":2855,"href":"https:\/\/www.orleanspokerclub.org\/opc\/wp-json\/wp\/v2\/pages\/2847\/revisions\/2855"}],"wp:attachment":[{"href":"https:\/\/www.orleanspokerclub.org\/opc\/wp-json\/wp\/v2\/media?parent=2847"}],"curies":[{"name":"wp","href":"https:\/\/api.w.org\/{rel}","templated":true}]}}